ue
Is 55 a factor of 362230?
True
Is 3136858 a multiple of 62?
False
Is 45 a factor of 6000647?
False
Does 361 divide 1136725?
False
Is 417459 a multiple of 103?
True
Is 17 a factor of 19633?
False
Is 8296943 a multiple of 15?
False
Does 14 divide 485576?
True
Is 314 a factor of 97638?
False
Is 21 a factor of 1322488?
False
Does 1231 divide 1051274?
True
Is 93 a factor of 400034?
False
Does 181 divide 344986?
True
Is 100 a factor of 336300?
True
Is 413 a factor of 314218?
False
Does 27 divide 81270?
True
Does 171 divide 543096?
True
Is 20 a factor of 177900?
True
Does 28 divide 232121?
False
Is 565895 a multiple of 21?
False
Does 135 divide 11006955?
True
Is 6829374 a multiple of 12?
False
Is 34 a factor of 404396?
True
Does 13 divide 146406?
True
Is 8788562 a multiple of 22?
False
Is 929250 a multiple of 89?
False
Does 11 divide 209483?
False
Is 16625 a multiple of 134?
False
Is 159 a factor of 20196975?
True
Does 10 divide 51470?
True
Is 45 a factor of 338940?
True
Is 264461 a multiple of 186?
False
Is 817954 a multiple of 241?
True
Is 338292 a multiple of 22?
False
Is 38188 even?
True
Is 192 a factor of 862459?
False
Does 7 divide 46930?
False
Is 14218 a multiple of 5?
False
Is 816 a factor of 846192?
True
Is 585390 a multiple of 1185?
True
Is 656559 a multiple of 27?
True
Does 438 divide 385002?
True
Is 241706 a multiple of 34?
True
Is 5293647 a multiple of 27?
True
Is 1004209 a multiple of 12?
False
Does 23 divide 241477?
True
Is 491 a factor of 7165313?
False
Does 38 divide 22963?
False
Is 21 a factor of 399910?
False
Does 10 divide 89708?
False
Is 154368 a multiple of 192?
True
Does 10 divide 7001290?
True
Does 17 divide 83380?
False
Is 127 a factor of 2077543?
False
Does 61 divide 824720?
True
Does 33 divide 23792472?
True
Is 16 a factor of 452704?
True
Is 14235529 a multiple of 343?
True
Is 5 a factor of 163149?
False
Is 734 a factor of 600832?
False
Is 436823 a multiple of 23?
False
Is 1324490 a multiple of 15?
False
Does 5 divide 1945900?
True
Is 2770575 a multiple of 1275?
True
Is 537292 a multiple of 434?
True
Does 15 divide 46293?
False
Does 8 divide 134064?
True
Does 177 divide 1470162?
True
Is 5566876 a multiple of 1328?
False
Is 2082420 a multiple of 460?
True
Is 3724274 a multiple of 206?
True
Does 52 divide 83356?
True
Does 46 divide 20516?
True
Does 26 divide 203989?
False
Is 66384 a multiple of 16?
True
Is 45 a factor of 144807?
False
Is 59 a factor of 890546?
True
Does 79 divide 326270?
True
Is 201019 a multiple of 63?
False
Is 21 a factor of 5769897?
True
Is 70 a factor of 80710?
True
Does 115 divide 15236925?
True
Is 35 a factor of 6536670?
True
Is 1616304 a multiple of 892?
True
Is 628881 a multiple of 19?
True
Is 9234684 a multiple of 6?
True
Is 33 a factor of 13053942?
True
Is 285 a factor of 975596?
False
Is 532 a factor of 2081929?
False
Is 164 a factor of 209428?
True
Is 55769 a multiple of 31?
True
Is 8651137 a multiple of 1122?
False
Is 25767 a multiple of 112?
False
Does 46 divide 2953752?
True
Is 142 a factor of 165714?
True
Is 135 a factor of 2264669?
False
Is 361 a factor of 389880?
True
Is 61 a factor of 1213544?
False
Is 220 a factor of 1769460?
True
Does 4 divide 1193858?
False
Is 101 a factor of 82105?
False
Is 228 a factor of 604623?
False
Is 8 a factor of 413877?
False
Is 44 a factor of 6493792?
False
Is 79 a factor of 8066295?
True
Is 760 a factor of 7383059?
False
Is 94965 a multiple of 39?
True
Does 66 divide 4207896?
True
Does 156 divide 26988?
True
Is 103850 a multiple of 27?
False
Is 36557534 a multiple of 1469?
True
Is 1857 a factor of 5835711?
False
Is 29 a factor of 121655?
True
Is 2842077 a multiple of 8?
False
Does 248 divide 5551232?
True
Does 4 divide 86812?
True
Does 13 divide 253540?
False
Is 23385881 a multiple of 24?
False
Is 616 a multiple of 7?
True
Does 8 divide 1491354?
False
Does 10 divide 28480?
True
Is 81 a factor of 248375?
False
Does 14 divide 443296?
True
Is 7198954 a multiple of 1981?
True
Is 29407 a multiple of 23?
False
Is 7 a factor of 20114?
False
Is 4 a factor of 89868?
True
Is 41 a factor of 1349556?
True
Is 88935 a multiple of 126?
False
Is 2084 a factor of 8907016?
True
Is 241566 a multiple of 78?
True
Does 1297 divide 5629271?
False
Is 27 a factor of 491623?
False
Is 6317574 a multiple of 34?
True
Does 25 divide 74207?
False
Is 7 a factor of 3262877?
False
Does 538 divide 16609454?
False
Does 108 divide 99900?
True
Is 58320 a multiple of 120?
True
Is 13 a factor of 35844020?
False
Is 422 a factor of 5662396?
True
Is 37 a factor of 19818180?
False
Does 5 divide 366506?
False
Is 870 a factor of 1740?
True
Is 7445774 a multiple of 14?
True
Is 51 a factor of 2805?
True
Does 5 divide 9477454?
False
Is 17 a factor of 413635?
False
Does 13 divide 22579843?
True
Does 4 divide 3649565?
False
Is 1649324 a multiple of 139?
False
Does 12 divide 54043?
False
Does 11 divide 599610?
True
Is 966750 a multiple of 75?
True
Is 7 a factor of 500431?
False
Is 1195796 a multiple of 49?
True
Is 47 a factor of 769221?
False
Is 315 a multiple of 63?
True
Is 5 a factor of 4315448?
False
Is 3365724 a multiple of 65?
False
Is 9320 even?
True
Does 79 divide 9622685?
False
Is 12 a factor of 1401060?
True
Is 3101254 a multiple of 13?
True
Does 7 divide 565435?
False
Is 131435 a multiple of 44?
False
Does 18 divide 663136?
False
Does 239 divide 3806553?
True
Is 17 a factor of 4848587?
True
Does 352 divide 529398?
False
Is 975100 a multiple of 14?
True
Is 12 a factor of 3772260?
True
Does 111 divide 3547116?
True
Is 114856 a multiple of 4?
True
Is 27 a factor of 266841?
True
Does 209 divide 792593?
False
Does 1303 divide 20937907?
True
Does 286 divide 2459551?
False
Is 99 a factor of 146817?
True
Is 3 a factor of 346433?
False
Is 44 a factor of 12639?
False
Does 5 divide 138471?
False
Does 93 divide 7101?
False
Does 265 divide 2621910?
True
Is 26 a factor of 144856?
False
Does 15 divide 231045?
True
Is 9 a factor of 14157?
True
Is 169 a factor of 630032?
True
Is 68 a factor of 6664?
True
Is 8903630 a multiple of 20?
False
Is 43 a factor of 787502?
True
Is 29889 a multiple of 320?
False
Does 15 divide 5689991?
False
Is 44 a factor of 6440280?
True
Is 185869 a multiple of 53?
False
Does 707 divide 6171403?
True
Does 54 divide 1563624?
True
Does 3 divide 27289?
False
Is 1663039 a multiple of 592?
False
Is 859617 a multiple of 33?
True
Is 160580 a multiple of 620?
True
Is 610 a factor of 947940?
True
Is 224982 a multiple of 87?
True
Is 7 a factor of 34296?
False
Is 510 a factor of 4559910?
True
Does 51 divide 3135480?
True
Is 115 a factor of 2006175?
True
Is 299282 a multiple of 150?
False
Is 10517 a multiple of 50?
False
Is 480 a factor of 190080?
True
Is 63 a factor of 8648829?
True
Is 39 a factor of 112047?
True
Is 1749767 a multiple of 3?
False
Does 2652 divide 12193896?
True
Does 20 divide 77800?
True
Is 4193348 a multiple of 2329?
False
Is 59 a factor of 140009?
False
Is 11 a factor of 994774?
True
Is 9 a factor of 86609?
False
Is 96388 a multiple of 544?
False
Is 144405 a multiple of 17?
False
Is 26766 a multiple of 7?
False
Is 672 a factor of 2158755?
False
Does 148 divide 363636?
True
Is 19 a factor of 30761?
True
Is 3350161 a multiple of 13?
False
Does 2 divide 30048?
True
Is 266304 a multiple of 114?
True
Is 7 a factor of 6717009?
False
Does 14 divide 199689?
False
Is 35448 a multiple of 14?
True
Does 24 divide 711912?
True
Is 1970680 a multiple of 2?
True
Is 382 a factor of 2650316?
True
Does 222 divide 400838?
False
Is 394755 even?
False
Is 8004083 a multiple of 11?
False
Is 6603306 a multiple of 554?
False
Does 19 divide 237139?
True
Is 8 a factor of 843381?
False
Does 48 divide 796176?
True
Is 95366 a multiple of 26?
False
Is 68 a factor of 35881?
False
Does 1113 divide 1949391?
False
Is 1243250 a multiple of 11?
False
Does 29 divide 4542212?
True
Is 92 a factor of 356422?
False
Is 492349 a multiple of 143?
True
Does 196 divide 169148?
True
Does 10 divide 95327?
False
Is 1431103 a multiple of 30?
False
Is 11 a factor of 325600?
True
Is 168 a factor of 2978750?
False
Is 13 a factor of 5231123?
False
Is 2914831 a multiple of 252?
False
Does 14 divide 235140?
False
Is 766 a factor of 1292225?
False
Is 72872 a multiple of 17?
False
Is 12 a factor of 3105924?
True
Is 41 a factor of 27279